37 - -39. Suppose 2*q - 26 = -r*y, -3*q - 3*y = -y - 35. Let a(j) = j**2 - 5*j + 13. What are the prime factors of a(q)?
7
Let p(y) = -y**3 + 6*y**2 - 6*y + 7. Let n be p(5). Suppose h - 3*k - 91 = 0, -n = -3*k + 10. List the prime factors of h.
103
Suppose 5*r + 5*s - 458 = 3*r, -r = -4*s - 216. Let a = r - 150. What are the prime factors of a?
2, 37
Let h(f) = -95*f - 71. List the prime factors of h(-6).
499
Suppose 5*k = 5*a - 160, -4*k - 88 = 4*a - 0. Let x = k + 2. Let v = x - -48. What are the prime factors of v?
23
List the prime factors of 16/((20/(-58))/(-5)).
2, 29
Suppose -4*c + 1507 = c - 2*r, 0 = 2*c + 2*r - 614. What are the prime factors of c?
3, 101
Suppose -12 = -9*r + 6*r. Let b(x) = 5*x - 10. Let o be b(r). Let v(f) = 6*f - 4. What are the prime factors of v(o)?
2, 7
Suppose 0*b + 343 = 4*s + b, 4*b + 368 = 4*s. Let p = s + -65. What are the prime factors of p?
2, 11
Suppose -5*o + 1086 = -7*y + 4*y, o + y = 222. List the prime factors of o.
3, 73
Let t(p) = -3*p - 2. Let b be t(3). Let m(u) be the third derivative of -u**5/60 - 2*u**4/3 - 11*u**3/3 - u**2 - 51. List the prime factors of m(b).
3, 11
Let z = -4 + -1. Let j = z + 9. Suppose -j*f = -2*h + 70, -h + 3*h + 3*f - 49 = 0. What are the prime factors of h?
29
Suppose -96 = -10*s + 6*s. What are the prime factors of s?
2, 3
What are the prime factors of (-76)/(-684) - (26836/(-18) - -1)?
2, 5, 149
Let p(a) = -2*a**3 - 5*a**2 - a + 3. Let i be p(-3). Suppose v - 12 = f - 88, 0 = 5*f - i. Let j = v + 144. What are the prime factors of j?
71
Let g(z) = 2*z - 8. Suppose 0 = -2*c + 7 + 3. Let n be g(c). Suppose f + 3*t + 43 = 2*f, n*t - 85 = -3*f. List the prime factors of f.
31
Let b = -12 + 16. Let d be (6 - b)/((-1)/10). Let t = 34 + d. What are the prime factors of t?
2, 7
Suppose 0 = 9*j + 11 - 38. Suppose -4*m = -2*w - w + 308, 304 = j*w - 5*m. List the prime factors of w.
2, 3
Let l(r) = -75*r**3 - 11*r**2 - 22*r - 1. What are the prime factors of l(-3)?
11, 181
Let a be -1 + -1 + 3/((-6)/(-106)). Suppose 3*m - a + 19 = -4*k, 2*m - 32 = -4*k. What are the prime factors of k?
2
Suppose -1 = -g - 4*y - 9, 5*y + 15 = 0. Suppose -g*r - 2*h = -4*h - 150, 0 = -5*r + 4*h + 183. What are the prime factors of r?
3, 13
Let j = 178 + 346. What are the prime factors of j?
2, 131
List the prime factors of (-12)/(-24)*(-538)/(-1).
269
Let p be (-40)/(-200) + (-1254)/(-5). Let f = p + -51. What are the prime factors of f?
2, 5
Let p(m) = 5*m + 639. What are the prime factors of p(21)?
2, 3, 31
Suppose 9*u = 44*u - 4410. List the prime factors of u.
2, 3, 7
Let m be (-6)/39 - 18660/52. Let j = -181 - m. List the prime factors of j.
2, 89
Let s = -62 + -97. Let t = s - -290. What are the prime factors of t?
131
Let p(g) = g + 11. Let w be p(-9). Suppose 3 = -z + w*z. Suppose 2*q + z = 5*t + 46, -3*t + 3 = 2*q. List the prime factors of q.
3
Suppose 8*n + 10800 = 38*n. What are the prime factors of n?
2, 3, 5
What are the prime factors of 3*4020/9 - (1 + -1)?
2, 5, 67
Let w be (-964)/24 - (2 + 0)/(-12). Let m = -10 - w. What are the prime factors of m?
2, 3, 5
Let v = -6 - -9. Let t = 189 - 171. What are the prime factors of 24/t*v/2?
2
Let h = -61 + 91. Suppose 6 = 3*s - h. What are the prime factors of s?
2, 3
Let k(u) be the second derivative of 1/6*u**4 + 5/2*u**2 + 0 - 7*u - 1/6*u**3. List the prime factors of k(-4).
41
Let q(k) = -7*k + 6. Let i = 5 - -1. Let p be q(i). Let v = 53 + p. List the prime factors of v.
17
Let q = -59 + 41. Let y(l) = l**3 - 3*l**2 + 3*l - 2. Let p be y(2). Let i = p - q. What are the prime factors of i?
2, 3
Let f(l) = 2*l + 6*l + 2 - 8*l - l**2. Let c be f(-6). Let d = c - -76. List the prime factors of d.
2, 3, 7
Suppose -3*j + 0*l + 4*l + 1364 = 0, 4*j - 3*l - 1807 = 0. What are the prime factors of j?
2, 7
Suppose -w = -2*g - 65, -w = g - 2*g - 60. Suppose 52*y = w*y - 201. What are the prime factors of y?
67
Suppose -7*a + 2*a = -950. Let b be (-3 - 290/(-8))*-4. Let w = a + b. List the prime factors of w.
3, 19
Let y(q) = -2*q**3 - 9*q**2 + q. Let g(u) = -u**3 + u. Let n(c) = -g(c) + y(c). Let l be n(-9). Let o(i) = i**2 + i + 2. List the prime factors of o(l).
2
Suppose -31*t + 2447 = -64. List the prime factors of t.
3
Let k = -7 + -10. Let p = -8 - -3. Let v = p - k. What are the prime factors of v?
2, 3
Suppose -536 = 125*s - 127*s. Suppose -5*w + s = -u, w = u + 3*u + 46. What are the prime factors of w?
2, 3
Let y(r) = 8*r**3 - r. Let n be y(1). Suppose 4*c = -n + 23. What are the prime factors of 56 - (-4)/c*3?
59
Let g = 27 + -16. Let c(s) = -s + 18. Let n be c(19). What are the prime factors of ((-47)/n)/(g - 10)?
47
Let b = -80 + 57. Let k(o) = 6*o**3 - o**2 + o - 2. Let n be k(2). Let h = b + n. List the prime factors of h.
3, 7
Let j be 1/(-7) + (-423)/(-21). Let d = 17 - 9. What are the prime factors of (-58)/(-5)*j/d?
29
Let q = 23 - 21. Let o = 0 + -1. What are the prime factors of (q*-16 - -1)*o?
31
Let n = 134 - -30. Let s = -1104 + 1109. Suppose 3*j - 123 = s*v, 6*j - v - n = 2*j. What are the prime factors of j?
41
Suppose -9*o + 3*o - 30 = 0. What are the prime factors of 101/o*(-21 + 16)?
101
Suppose -5*t - 16*o + 3008 = -14*o, 0 = 3*t - 2*o - 1808. List the prime factors of t.
2, 7, 43
Let h = -829 - -1450. What are the prime factors of h?
3, 23
Suppose -2*w - 1 + 3 = 0. Let v(t) = 9*t**2 + 2 + 1 - w + t**3 + 5. List the prime factors of v(-9).
7
Let x = -1 - -7. Let a(f) = -f**2 - 2*f + 3. Let m be a(x). What are the prime factors of (54/m)/((-4)/10)?
3
What are the prime factors of ((-24)/(-12) - 3) + 2398 + -2?
5, 479
Let c(w) = 2*w + 13. Suppose 3*l = 4*a - 13, 0*l - 2*l + 3*a - 8 = 0. Let b be c(l). What are the prime factors of -48*1/1*b?
2, 3
Let g(z) = 11*z**2 - 28*z - 152. What are the prime factors of g(-5)?
263
Suppose -39625 = -17*k - 5761. List the prime factors of k.
2, 3, 83
What are the prime factors of 22490/39*126/35?
2, 3, 173
Let c(q) = 2*q**3 + 40*q**2 + q + 10. Let a be c(-20). List the prime factors of (10/(-6) + 2)/(a/(-4170)).
139
Let c be (-3)/(12/8) - -229. Suppose -4*p - 73 = 2*f - 181, 4*f - 3*p - c = 0. What are the prime factors of f?
2, 7
Suppose -2*r - 7 = -5*g + r, g + 1 = 3*r. Suppose -g = -2*a + a. Suppose 3*i + 2*b - 7 = 0, 2*b + a*b = 4*i - 16. List the prime factors of i.
3
Suppose 0 = 5*n - 5*z - 250, 0 = -n - 0*n - 2*z + 56. Suppose 32 + n = 3*r. Let q = -20 + r. What are the prime factors of q?
2
Suppose 0 = 4*f - 128 + 28. Suppose -8*l = -f - 911. List the prime factors of l.
3, 13
Suppose 0*v = -v - k + 1, 0 = -4*v + 3*k + 25. What are the prime factors of (48/v)/(-4) - (-119 - 0)?
2, 29
Suppose 18297 = 8*n - 14391. What are the prime factors of n?
2, 3, 227
Suppose 157 + 2699 = 6*z. Suppose 5*i = z + 94. List the prime factors of i.
2, 3, 19
Let t(h) = h**3 - 10*h**2 + 6*h - 13. Suppose -3*d - 4*g = -46, 5*g - 60 = -4*d - 0*d. List the prime factors of t(d).
47
Let j be (-381)/(-12) + ((-26)/(-8) - 3). Let m = 176 + j. What are the prime factors of m?
2, 13
Let a(t) = -9*t - 1. Suppose -2*s - 6 = -s - w, 12 = -2*s - 5*w. Let k be a(s). Let f = -36 + k. What are the prime factors of f?
17
Let m = 9 - -13. Let u = 20 - 33. Let r = u + m. List the prime factors of r.
3
Suppose -2168 = -17*y + 1946. List the prime factors of y.
2, 11
Let o = 1 - 1. Suppose -4*c + 200 = 2*l, -5*c + 5*l = -3*c - 124. Suppose a + o*a - c = 0. List the prime factors of a.
2, 13
Let l = 403 - 279. Let u = 182 - l. What are the prime factors of u?
2, 29
Let i be (-3 - (-20)/6)*9. Suppose i*m - 17 + 2 = 0. Suppose 0 = m*w - 2*z - 0*z - 165, 3*w - z = 99. List the prime factors of w.
3, 11
Suppose 3*y = 8*y. Suppose -x = 5*d - 132, 4*x - d - 420 - 171 = y. What are the prime factors of x?
3, 7
Suppose -3*f - 32 + 1 = z, 2*z = -f - 2. What are the prime factors of 32/f*405/(-4)?
2, 3, 5
Suppose 0 = -6*k + k - 15, 3*u - 1386 = -k. List the prime factors of u.
463
Let k = 2145 - 969. What are the prime factors of k?
2, 3, 7
Let h be (-498)/(-8) + (-11)/44. Let o = h - -41. Suppose v - 4*k - 69 = 0, -k - o = -2*v - 0*v. What are the prime factors of v?
7
Suppose 13*d - 4235 = 2*d. What are the prime factors of d?
5, 7, 11
Let c be 148 - 0*2/(-4). Suppose -3*q - 113 = 3*w - 4*w, 4*q = -w + c. What are the p